ommon divisor of 704 and 5265524?
44
What is the highest common factor of 1692 and 862608672?
1692
What is the highest common divisor of 212 and 259923024?
212
Calculate the highest common factor of 4680354 and 154254.
282
What is the highest common factor of 16583184 and 115?
23
Calculate the highest common divisor of 224708 and 528.
44
Calculate the highest common divisor of 42 and 98640437.
7
What is the greatest common factor of 72 and 8457138?
18
Calculate the highest common divisor of 2360375 and 10125.
125
Calculate the highest common factor of 101019039 and 6765.
1353
Calculate the highest common divisor of 44506 and 103926746.
2618
What is the highest common divisor of 133674740 and 10?
10
Calculate the greatest common factor of 633006 and 48576.
1518
Calculate the highest common factor of 639945450 and 15.
15
Calculate the greatest common divisor of 204138 and 99.
99
Calculate the highest common factor of 1557 and 96561.
9
What is the greatest common divisor of 1208778572 and 7706?
7706
What is the greatest common factor of 60 and 1383040?
20
What is the greatest common divisor of 648 and 22591629?
81
Calculate the greatest common divisor of 69 and 1426.
23
Calculate the highest common divisor of 350253 and 15273.
9
What is the greatest common factor of 142740055 and 30007?
811
Calculate the highest common factor of 1112900 and 1259372.
1436
Calculate the highest common divisor of 9819100 and 400.
100
Calculate the highest common divisor of 933253077 and 27873.
9291
What is the highest common factor of 11414088 and 168?
168
What is the greatest common factor of 22 and 935970805?
11
Calculate the greatest common divisor of 223494053 and 5338.
2669
What is the greatest common divisor of 224468 and 272?
68
Calculate the greatest common divisor of 109639666 and 115.
23
Calculate the greatest common factor of 8280 and 208900260.
4140
What is the highest common divisor of 2817 and 12719381?
313
Calculate the greatest common factor of 907571 and 28630.
2863
Calculate the greatest common divisor of 31727160 and 2900.
580
What is the greatest common divisor of 2482 and 5657354?
146
What is the greatest common divisor of 11374179 and 384807?
8949
What is the greatest common factor of 1326 and 7303302?
102
What is the highest common divisor of 4047800 and 1700?
100
What is the highest common factor of 2700 and 47300?
100
Calculate the highest common factor of 517663944 and 180.
36
What is the highest common factor of 518076960 and 10?
10
What is the highest common factor of 1129543 and 2476409?
2683
Calculate the highest common divisor of 6 and 301442.
2
Calculate the greatest common divisor of 21304647 and 2898.
1449
What is the greatest common divisor of 732093 and 141726?
237
What is the greatest common factor of 549471274 and 22?
22
What is the highest common factor of 21005712 and 8820?
1764
What is the highest common factor of 684361 and 309510?
3439
What is the greatest common factor of 150201130 and 370?
370
Calculate the highest common factor of 120 and 270888.
24
Calculate the highest common divisor of 20045 and 125495.
95
Calculate the greatest common factor of 216 and 5948136.
72
What is the highest common divisor of 119 and 9755263?
119
Calculate the highest common divisor of 84 and 14098581.
21
What is the highest common divisor of 22545312 and 96?
96
What is the highest common divisor of 97808937 and 93?
93
What is the greatest common factor of 21076686 and 12?
6
What is the highest common factor of 1497510472 and 488?
488
Calculate the greatest common factor of 3668 and 7859607.
917
What is the greatest common divisor of 203056 and 22126?
74
Calculate the greatest common divisor of 56660 and 48140.
20
What is the greatest common factor of 132 and 556392243?
33
Calculate the highest common divisor of 153813366 and 7.
7
Calculate the greatest common factor of 2420 and 11604505.
605
Calculate the highest common factor of 266 and 281846.
38
Calculate the highest common divisor of 2168 and 30648745.
271
Calculate the greatest common factor of 359465 and 62560.
85
Calculate the greatest common divisor of 212038570 and 10.
10
What is the highest common divisor of 43491 and 6815879?
763
What is the highest common factor of 4384160 and 35720?
1880
Calculate the greatest common divisor of 2800 and 22376.
8
What is the highest common factor of 615203 and 5649?
269
What is the greatest common factor of 351557340 and 36?
12
Calculate the highest common factor of 1583067 and 29532.
69
Calculate the highest common divisor of 16388980 and 40.
20
Calculate the highest common divisor of 1021021 and 7783.
181
Calculate the highest common divisor of 17437 and 4675184.
47
Calculate the highest common factor of 69088097 and 403.
13
What is the greatest common divisor of 15476125 and 8050?
4025
What is the greatest common factor of 221654 and 141512?
722
What is the highest common factor of 24064 and 1093824?
64
What is the highest common divisor of 2425378 and 527?
31
What is the greatest common factor of 5550 and 80771?
37
Calculate the greatest common factor of 30294 and 738441.
99
Calculate the greatest common divisor of 6533447 and 2062.
1031
Calculate the greatest common factor of 1688 and 3551544.
8
What is the greatest common divisor of 133265275 and 121?
11
Calculate the greatest common divisor of 825254197 and 823.
823
What is the highest common divisor of 77126 and 46942?
98
What is the highest common factor of 20683 and 12178439?
481
What is the highest common factor of 3209515 and 3965?
305
Calculate the highest common divisor of 55 and 16564867.
11
Calculate the greatest common factor of 384886 and 103563382.
7262
Calculate the highest common factor of 747942370 and 490.
490
Calculate the highest common divisor of 11674 and 20921155.
449
What is the highest common divisor of 523 and 45338347?
523
Calculate the highest common factor of 9 and 82471.
1
Calculate the greatest common factor of 684 and 23892462.
342
Calculate the highest common divisor of 2016 and 18282544.
112
What is the greatest common factor of 606064 and 2798?
2
Calculate the highest common divisor of 184680 and 29270.
10
What is the highest common divisor of 620 and 34830?
10
What is the greatest common divisor of 44796558 and 12?
6
What is the highest common divisor of 3137539 and 116?
29
Calculate the greatest common factor of 34505342 and 102.
34
What is the greatest common divisor of 21654 and 5555454?
2406
Calculate the highest common divisor of 4365 and 9595143.
873
What is the highest common divisor of 45 and 93451002?
3
Calculate the greatest common factor of 58131009 and 335.
67
What is the greatest common divisor of 4595940 and 648?
324
Calculate the highest common divisor of 12351391 and 897.
299
What is the highest common divisor of 3433026 and 230?
46
Calculate the greatest common divisor of 847 and 590317.
7
What is the greatest common factor of 11544 and 38108226?
78
Calculate the greatest common factor of 471495 and 4845.
255
Calculate the highest common divisor of 4480 and 2380192.
32
What is the greatest common factor of 324436 and 1666?
14
Calculate the highest common factor of 240 and 539184.
48
What is the greatest common divisor of 29817947 and 41?
41
What is the highest common factor of 455 and 554385?
65
What is the greatest common divisor of 4692 and 27804010?
782
What is the highest common divisor of 5883768 and 6118?
874
What is the highest common factor of 10663216 and 167450?
6698
Calculate the highest common factor of 1804010 and 650.
130
Calculate the highest common divisor of 44048771 and 793.
793
Calculate the greatest common factor of 657581476 and 8.
4
Calculate the highest common factor of 42 and 14606144.
14
Calculate the highest common divisor of 200030806 and 153.
17
Calculate the highest common divisor of 80 and 178756.
4
Calculate the greatest common divisor of 1195147 and 9669.
293
What is the highest common divisor of 3615 and 162982275?
3615
Calculate the highest common factor of 1346 and 219078.
2
Calculate the greatest common divisor of 6210 and 13062183.
69
What is the greatest common factor of 360 and 4662315?
45
Calculate the highest common factor of 1368 and 1881288.
72
Calculate the greatest common divisor of 501345